*y(w) + 2*a(w). List the prime factors of v(-2).
5
Let x be (0/(-2) - 9) + 3. Let d(c) = c**2 + c - 8. Let o be d(x). Suppose j + 14 = k, 5*k - o = 3*j + 48. What are the prime factors of k?
2, 7
Let t = 150 - 71. What are the prime factors of t?
79
Suppose -18 = -5*y + 62. Let i = y - 9. What are the prime factors of i?
7
Let d be (0 - 1 - 2)*-1. Suppose a = 1 + d. List the prime factors of a.
2
Suppose 0 = 5*u + s - 14, 5*s - 4*s + 16 = 5*u. Let q = u - 1. Let a = q - -2. List the prime factors of a.
2
Let m(r) = -2*r**3 + 9*r**2 - 14*r + 13. Let l(h) = -3*h**3 + 8*h**2 - 14*h + 13. Let t(p) = -3*l(p) + 4*m(p). List the prime factors of t(-13).
2, 13
Let r be ((-8)/(-6))/(1/3). Suppose 5*n = l - r, -l + 2*n - 5*n = -12. List the prime factors of l.
3
Let g(b) = -1 + 11 + 0 - b**2 + 10*b. What are the prime factors of g(8)?
2, 13
Let h(z) = z**3 - 12*z**2 - 11*z - 14. What are the prime factors of h(13)?
2, 3
Let j(v) = 3 + 2 - 6 - v - 4*v. Let h be j(-1). Suppose 5 = h*g - 35. List the prime factors of g.
2, 5
Suppose 65 - 2 = i. List the prime factors of i.
3, 7
Let q be 3 + (-1 - -1 - 1). Let x = q - 0. Let z = 8 + x. List the prime factors of z.
2, 5
Let n = 63 + -40. What are the prime factors of n?
23
Suppose 203 = 5*k - 167. What are the prime factors of k?
2, 37
Let a(h) = h**2 + 8*h - 4. Let m be a(-5). List the prime factors of 3 - (3 + (m - 2)).
3, 7
Suppose 8*f - 18 - 22 = 0. Let w = 65 + -30. Suppose 4*j = -g + w, -2*j + f = -j + g. What are the prime factors of j?
2, 5
List the prime factors of (-4)/24 + 38/12 - -329.
2, 83
Suppose -5*w + 30 = 8*f - 3*f, w - 4 = 0. Suppose -f*t - t = -18. What are the prime factors of t?
2, 3
Let y(j) = j**3 + 9*j**2 + 9*j + 13. List the prime factors of y(-6).
67
Suppose -269 = -7*g + 242. List the prime factors of g.
73
Let n be -1 + -3*(1 + -2). Suppose -56 = -2*r - 3*f, -3*r + 5*f + 140 = n*r. List the prime factors of r.
2, 7
Suppose 2*i + 4*s + 14 = 0, 2*i + 2*s + 13 = 3*i. Suppose 3*d - d = -2*x - 16, -5*d - i*x - 36 = 0. List the prime factors of ((-8)/3)/2*d.
2
Let r be (-2 - -2)/2 - -2. Suppose 0 = 2*d - 36 - r. What are the prime factors of d?
19
Suppose 5*r - 20 + 0 = 0. What are the prime factors of r?
2
Suppose 0*v = -5*v. Let f be -2 + 12/(-1) + v. Let m = 27 + f. List the prime factors of m.
13
Suppose -4*m - y = 2 - 9, -m - 2*y + 7 = 0. Suppose -i - 14 = -2*i. Let o = i - m. What are the prime factors of o?
13
Let q(p) = -p + 9. Let o be q(6). Suppose o*v - 3*z = 135, -v = -5*z + 9 - 58. What are the prime factors of v?
2, 11
Let t(x) = 4*x**2 - x - 1. Let w be 0/2 - (-5 - -7). What are the prime factors of t(w)?
17
Suppose 29 + 26 = -5*n. Suppose -4*u = -7*u - 5*m - 14, -5*m - 22 = -u. What are the prime factors of 2*(n/u)/(-1)?
11
List the prime factors of 3/4 + (-1405)/(-20).
71
Let z(k) be the third derivative of k**4/24 - k**3/3 + 2*k**2. Let m be z(2). Let p = 3 + m. List the prime factors of p.
3
Let c = 341 + -227. What are the prime factors of c/10 + 2/(-5)?
11
Suppose g = -2 - 0. What are the prime factors of 7 - (-4 - g - 0)?
3
Let y(g) = 8 - 26*g - 15*g - 9 + 3. List the prime factors of y(-1).
43
Suppose c + 0*c + 3*v = -7, 0 = -3*c + 3*v + 3. List the prime factors of (4*c)/(-2)*1.
2
Let o = 4 - -26. Suppose 2*b + o = 6*b + j, -3*b - 3*j = -18. List the prime factors of b.
2
Let n(f) = f**3 + 4*f**2 - f - 1. Let i be n(-4). Suppose 6 = -i*m + 42. List the prime factors of m.
2, 3
Let c(y) be the second derivative of -y**5/20 - y**4/6 + 3*y**2/2 - y. List the prime factors of c(-3).
2, 3
Let s(r) = -r**3 - 9*r**2 - 7*r + 8. Let j be s(-8). Suppose j = -q - 3*q + 168. List the prime factors of q.
2, 3, 7
Let w(g) = -g**2 + 8*g + 5. Suppose -4*u = -u - 24. Let d be w(u). Suppose -d*s + 21 = 1. List the prime factors of s.
2
Let v(o) = -o**3 + 6*o**2 - 6*o. Let x = 8 + -4. What are the prime factors of v(x)?
2
Suppose 4*h + 6 = -2. What are the prime factors of 5 + 6 - (1 - h)?
2
Suppose -115 = -5*m - 5*l, 8*m + 3*l - 109 = 3*m. What are the prime factors of m?
2, 5
Let v(n) be the first derivative of n**6/180 - n**5/30 - n**4/6 - 2*n**3/3 + 3. Let q(x) be the third derivative of v(x). What are the prime factors of q(4)?
2, 3
Suppose -17 = -4*t - 49. Let k(c) = 0*c - 12 + c**3 - 8*c**2 - 2*c - 2*c**3 + 0*c**3. What are the prime factors of k(t)?
2
Let p(w) = -2*w**2 - 4*w**3 + 4*w**2 + 3*w**3 + w. Let c be p(2). Suppose 5*m - 2*u + 20 - 66 = 0, 4*m - 44 = -c*u. List the prime factors of m.
2, 5
What are the prime factors of (26/39)/(1/33)?
2, 11
Let w(m) = m**3 - 9*m**2 + 8*m + 5. Let q = 11 + -3. What are the prime factors of w(q)?
5
Let z(t) = -t**3 + 8*t**2 + 10*t - 10. Let b be z(9). List the prime factors of -1 + (13 - -1) + b.
2, 3
Suppose 2*f + 3*f = -15, -2*g = -5*f - 21. Suppose -12 - 36 = -g*k. List the prime factors of k.
2
Suppose 2 + 6 = 4*v. What are the prime factors of (-282)/(-12) - v/(-4)?
2, 3
Suppose 0 = 5*v - 78 - 12. What are the prime factors of v?
2, 3
List the prime factors of 4/22 - (2544/(-44) - 0).
2, 29
Let l(a) = a + 24. What are the prime factors of l(-13)?
11
Suppose 4 = r + r. Suppose -r*p + 4 = -0. Suppose 4*q = 2*g - p, -4*g - 4*q = -8*g + 12. List the prime factors of g.
5
Suppose -3*q + q + 38 = -4*r, 0 = 3*q + 4*r - 17. What are the prime factors of q?
11
Suppose 4*b - 10 = -6. List the prime factors of (0 + b)/(6/288).
2, 3
Let i be (-4)/(1/(-1)) + -2. Suppose -3*g + i*g + 3*h + 5 = 0, -5*h = -2*g + 9. List the prime factors of g.
2
Let d = -84 + 129. Suppose -4*z + 7 - 2 = -u, 3*z - d = -2*u. Suppose 0 = -2*y + 7*y - u. What are the prime factors of y?
3
Suppose -x + 162 = -h, -4*x - 5*h + 4*h + 643 = 0. What are the prime factors of x?
7, 23
Let a = 30 + -24. Suppose 5 = -3*f + 2. Let q = f + a. What are the prime factors of q?
5
Suppose 3*l + 6 = 2*l. Let v be (-3)/(9/l)*10. What are the prime factors of ((-36)/v)/(2/(-10))?
3
Suppose -7*j + 3*j = -24. What are the prime factors of (-11 + -10)*j/(-7)?
2, 3
Let n = -16 - -89. List the prime factors of n.
73
Suppose -3*f + 0 = 3. Let z = f - -5. Suppose -z - 86 = -5*b. What are the prime factors of b?
2, 3
Suppose 0 = -4*t + 8 + 24. Let u = -6 + t. List the prime factors of (u + 10/(-4))*-10.
5
Let b(g) = -57*g - 4. What are the prime factors of b(-1)?
53
Let v = -1 - -3. Suppose 0*a + 4 = -v*a. Let p(f) = 3*f**2 - f. What are the prime factors of p(a)?
2, 7
Let y(j) = -6*j - 3. Suppose -w - 2*w - 18 = h, -3*h + 37 = -4*w. Let d be y(w). Suppose -4*m + i = -d, 0 = -3*m + 2*i + 3*i + 42. List the prime factors of m.
3
Let y(o) = o**3 - 3*o**2 - o - 5. Suppose 3 = w - 4. Let u be (1 + 0)/(w/28). List the prime factors of y(u).
7
Let r(d) = -4*d**2 + 2*d - 6 + 4*d**2 + 2*d**2 - d**2. List the prime factors of r(-6).
2, 3
Let p = -36 - -51. Suppose p + 5 = d. What are the prime factors of d?
2, 5
Let y = 12 - 17. Let n = y - -9. Suppose n*d - 20 = 2*m, 4*m = -d + 2*m + 15. What are the prime factors of d?
7
Let b(u) = -2*u - 9. Let c be b(-6). Let l(o) be the second derivative of o**3/3 + o**2 - 2*o. What are the prime factors of l(c)?
2
Let s be 0/2 - (6 + -9). What are the prime factors of 1*(s - 4)*-11?
11
Suppose -n + 5 = -2*q, 0 = -0*n + 4*n + 2*q - 20. Suppose n*z = 3*r + 36, 3*z + 4*r + 24 = 7*z. Suppose 4 + z = i. List the prime factors of i.
13
Suppose 0*i + 180 = 5*h - 4*i, 2*i - 130 = -3*h. Let d = -8 + h. List the prime factors of d.
2
Suppose -5*l = 2*r - 9, 5*r = 3*l + 2*l - 30. What are the prime factors of l?
3
Suppose 2*o - 21 = -4*t + t, -4*o + 7 = -t. Suppose 92 = t*u - 3*h, -5*h = -4*u - h + 80. List the prime factors of u.
2
Let q(g) be the first derivative of 13*g**3 - g**2/2 + 2. Let y be q(1). Suppose 3*j = -0*j - 2*l + y, 4*j - 52 = -3*l. List the prime factors of j.
2, 5
Let k(t) be the second derivative of t**5/20 - 5*t**4/12 + 7*t**3/6 - 3*t**2/2 - 3*t. Let h be k(5). List the prime factors of h/3 + 1/3.
11
Let c(v) = -v**3 + 5*v**2 - 3*v - 2. List the prime factors of c(3).
7
Suppose 0 = -l + 3 + 6. Let k(r) = -1. Let n(x) = -3*x + 13. Let h(j) = -2*k(j) - n(j). What are the prime factors of h(l)?
2
Suppose -3*x = -2*c + 193 - 1, 0 = -2*x - 4. What are the prime factors of c?
3, 31
Let q(m) = m**2 - 6*m - 4. Let n be q(6). Let k be (1/(-2))/(2/n). Le